and l?
5
Let v = 65515 + -23261. Calculate the greatest common divisor of v and 74.
74
Let t = -737 + 445. Let n = 340 + t. What is the greatest common divisor of 112 and n?
16
Suppose 3*h = l + 10388, 0 = -2*h + l + 4364 + 2559. Calculate the highest common factor of h and 825.
165
Let y(s) = 21*s**3 + s**2 - 37*s + 70. Let f be y(2). What is the greatest common divisor of 456 and f?
24
Suppose -h + 417 = 2*l, 4*h + 44 + 160 = l. Suppose -2*p + 99*a - 94*a + 129 = 0, 2*p - 114 = 2*a. What is the greatest common factor of p and l?
52
Let x(i) = -26*i**3 - 3*i**2 + 2. Let w be x(2). Let c be (-18)/(-4)*(-5896)/(-66). Let m = c + w. Calculate the highest common factor of m and 23.
23
Let m be 3 + 10 - (23 + -14 + -12791). Calculate the greatest common divisor of m and 15.
15
Suppose -b - 4*b = -35. Let n be 4 + (-6)/(-18)*-6. Suppose 3*v = 2*s + 99, 3*s + 0*s + 61 = n*v. What is the highest common divisor of v and b?
7
Let g be 1578/(-56019) + 1566/142. Let x(p) = 3*p - 1. Let l be x(1). Suppose -l*y + 69 = 4*w - 7*y, 3*y = w - 26. What is the highest common factor of w and g?
11
Let i(d) = -d**3 + 12*d**2 + 20*d + 5. Let v be i(10). Let k be 350/(-28)*72/(-20). Calculate the highest common divisor of v and k.
45
Let h = -20613 + 21094. What is the greatest common factor of 703 and h?
37
Let j = 20 + -11. Let x = 1247 + -1220. Calculate the greatest common divisor of j and x.
9
Suppose -3*h + 1281 = -3*d, -3*d = -4*h + 394 + 892. Suppose v + 0 = 5, 4*v = 3*w + 38. Let k be d/(-12) + 1/w. What is the highest common factor of k and 14?
7
Suppose 5*t + 45 = -4*b - 54, -2*t - 5*b - 43 = 0. Let y = t + 21. Let a be 2/1*((-25)/y)/(-5). Calculate the greatest common factor of 20 and a.
5
Let r = -381 + 399. Let o(b) = -b**3 - 3*b**2 - 5. Let h be o(-3). Let k = r - h. What is the highest common factor of k and 115?
23
Suppose 689458 + 32494 = 8*s + 36*s. What is the greatest common factor of s and 28?
28
Let r be (55/(-20))/(3/(-12)). Suppose -18*d + 7 = -r. Calculate the greatest common factor of 8 and d.
1
Let w = 576 - 344. Suppose 0 = -2*d - 5*a + w, -7 = d + a - 129. Calculate the highest common factor of d and 336.
42
Suppose -2*m + 446 - 122 = 0. Suppose -9*j - 26 = -7*j. Let f(h) = -h**3 - 13*h**2 - 3*h - 21. Let b be f(j). Calculate the highest common factor of b and m.
18
Let k(l) = -2*l**2 - 17*l + 17. Let f be k(-9). Suppose -w + 5*j = w - 22, -4*j - f = 0. What is the highest common divisor of w and 90?
6
Let f(h) = 2*h**2 - 4*h - 1. Let j be f(3). Suppose -10 = j*u, -4*t + 9*t + u = 223. Calculate the greatest common divisor of t and 9.
9
Suppose -5*t + 4*h + 42144 - 12195 = 0, -30 = 5*h. What is the highest common factor of 135 and t?
45
Suppose 14*u + 69*u = 10080 + 10089. Let z be ((-18)/8)/(1/(-12)). What is the highest common divisor of z and u?
27
Suppose 5*i - 17 - 3 = 0. Let x = -37 - -41. Suppose 2*n = -0*n + x*s + 70, -n + i*s + 25 = 0. Calculate the greatest common divisor of n and 30.
15
Let h be (-41)/((-697)/(-136)) - (2 + (-1 - 424)). Calculate the greatest common factor of h and 80.
5
Let l be 4/(-3) + ((-560)/(-15))/(-14). Let d be (-411)/(-2) + (-6)/l. Calculate the highest common divisor of 23 and d.
23
Suppose -2*w = -w - 40. Let k(h) = -19*h**2 + 6*h + 2. Let s be k(-1). Let u = 37 - s. What is the greatest common divisor of u and w?
20
Let k(m) = -m + 13. Let n be k(7). Let q be (-2)/3*n/(-4). Suppose 24 = 15*j - 12*j. Calculate the greatest common factor of q and j.
1
Let n = 30 + -23. Suppose -m - n + 13 = 0. Let d = -41 - -42. Calculate the highest common factor of d and m.
1
Suppose -3*r = -2*j - 441, -4*r + 624 - 14 = j. What is the greatest common factor of r and 8909?
151
Suppose 0 = 4*g - 3*x - 102, 1509 = -2*g + 5*x + 1539. What is the highest common factor of g and 17070?
30
Let c be 2/3 - 222/(-18) - 3. Suppose c*k - 41 = -1. What is the greatest common divisor of k and 32?
4
Suppose 6*l - 15 = 11*l. Let m be 5 + l + 1*58. Let t be (-158)/(-8) - (-8)/32. What is the highest common factor of m and t?
20
Suppose -26*b = -25*b + u - 393, 3*b - 5*u - 1155 = 0. Suppose 11*c + b = 21*c. Calculate the greatest common divisor of 26 and c.
13
Let i be 703/(-18278) - (-119290)/52. What is the greatest common factor of i and 62?
62
Suppose -438*x + 184*x + 28324 = -181*x. What is the highest common divisor of x and 12?
4
Let t = -25784 + 26990. Calculate the greatest common divisor of t and 134.
134
Let n(t) = 2*t - 19. Let r be n(11). Suppose -2*s = -s - r. Suppose -2*l - 5*f + 300 = 0, s*f + 404 = 3*l - f. Calculate the highest common divisor of l and 28.
28
Suppose -p + 56*d + 30177 = 58*d, 0 = -8*p - d + 241536. What is the highest common divisor of 109 and p?
109
Let x(m) = 4*m + 35. Let t be x(-11). Let c be 6/t - (-264)/18. Let n be (-24)/14*-4*c/2. Calculate the highest common factor of n and 384.
48
Suppose -895*i + 52503 = -804*i - 6465. Calculate the highest common divisor of i and 1.
1
Let x(z) = 10*z - 13. Let l be x(4). Suppose 5*t = 2*a - 71, -2*t = -2*a - l + 101. Let f = -136 + 250. Calculate the highest common divisor of a and f.
38
Let n = 2549 - 2409. Calculate the greatest common factor of n and 448.
28
Suppose 181*b = 162*b + 760. What is the highest common factor of b and 1170?
10
Suppose -l - 1412 = -5*q, 2*q + 2*l = -2*l + 556. Suppose -7*t + 4*t = q. Let b be (t/6)/(9/(-81)). What is the highest common divisor of 94 and b?
47
Suppose -91*q + 166*q + 564 = 122*q. Let r be (-1 - 58/2)*-2. What is the highest common divisor of q and r?
12
Suppose -5*d = 4*t - 68, -153*d + 3*t + 4 = -154*d. Calculate the greatest common factor of 86740 and d.
20
Suppose 0 = 2*i - 6, i = 3*v + 2*v - 182. Calculate the greatest common factor of v and 3293.
37
Let j = 196 - 272. Let m = 102 + j. Calculate the highest common divisor of 52 and m.
26
Let x = 83 - -116. Suppose 17*f + 29 - x = 0. Calculate the greatest common factor of 170 and f.
10
Let d(f) be the second derivative of f**4 + f**3/3 + 138*f**2 + 8*f. Let l be d(0). What is the greatest common divisor of 69 and l?
69
Let r(j) be the first derivative of j**2/2 + 38*j - 8. Let a be r(-10). Calculate the greatest common divisor of 28 and a.
28
Suppose 3*o = 0, -2*o + 4*o = -8*w + 10*w - 1760. Calculate the greatest common factor of w and 792.
88
Let a(j) = 153*j + 1. Let q(v) = -307*v - 1. Let k(o) = 7*a(o) + 4*q(o). Let p be k(-1). Let n = 245 - p. Calculate the highest common factor of n and 17.
17
Let x = -103138 - -103281. Let o = 33 - 22. Calculate the greatest common factor of o and x.
11
Let o(y) = y**3 - 81*y**2 + 35. Let a be o(81). Suppose 46 = -3*g + 151. What is the greatest common factor of g and a?
35
Suppose -159 = -5*z + 266. Let y(w) = -w**3 + 10*w**2 + 3*w - 10. Let k be y(10). Let l = -3 + k. What is the highest common factor of l and z?
17
Suppose -q + y = -194, 580 = 3*q - 10*y + 6*y. Calculate the highest common factor of 931 and q.
49
Let q(m) = -40*m**3 - 25*m**2 + 7*m**3 + 59*m**2 - 35*m**2. Let n be q(-1). What is the greatest common factor of 80 and n?
16
Suppose 4 = 3*m - 2, 3*m = 2*y + 20. Let f be (y - 29/(-7))/((-2)/7). What is the highest common factor of f and 310?
10
Suppose 0 = 5*p - 10, -y - 66 = -2*p - 1269. What is the highest common factor of y and 51?
17
Suppose 1198 + 831 = 217*n - 1877. What is the greatest common factor of 5058 and n?
18
Let d(c) = c**3 + 4*c + 2. Let a be d(5). Let s be 680/(-1870) + (-1 - (-954)/22 - 0). Calculate the greatest common factor of a and s.
21
Let h be ((-12621)/(-4))/7 + (-11 - -23)/48. What is the greatest common divisor of 209 and h?
11
Let s = 53 + -20. Suppose 0 = -10*t - 4557 + 287. Let m = -196 - t. Calculate the highest common factor of s and m.
33
Suppose -4*z + 38 = 30. Suppose -4*l - 6 - z = -2*c, 2*c = 3*l + 12. Let h be 2760/42 + (c/(-7) - -2). What is the highest common factor of h and 6?
6
Let f be (-12 - (-6)/5)*-25. What is the highest common factor of f and 54?
54
Let k(b) = 4*b**2 - 4*b + 2. Let m be k(2). Let n = 784 + -994. Let i be -2*(n/(-28))/(2/(-4)). Calculate the highest common factor of i and m.
10
Suppose 422*g = 449*g - 2349. Calculate the greatest common divisor of 12 and g.
3
Suppose 0 = 32*d - 14609 - 8783. What is the greatest common factor of d